{"id":115,"date":"2009-04-15T23:45:24","date_gmt":"2009-04-15T21:45:24","guid":{"rendered":"http:\/\/jela.hu\/?page_id=115"},"modified":"2015-11-05T17:58:51","modified_gmt":"2015-11-05T16:58:51","slug":"my-music","status":"publish","type":"page","link":"http:\/\/jela.hu\/?page_id=115","title":{"rendered":"my music"},"content":{"rendered":"<p><img decoding=\"async\" loading=\"lazy\" class=\"alignnone\" src=\"http:\/\/jela.hu\/photo-NEMWP\/sax.jpg\" alt=\"\" width=\"544\" height=\"361\" \/><\/p>\n<p>I got into the Jazz Department of Liszt Ferenc Music Academy in 1996 and graduated in 2000. During these years I was a member of several music groups, for instance, the Laoko\u00f3n Csoport, P\u00e1rniczky Andr\u00e1s Quartet, Kolinda, Future Cafe, and Transform Quintet, with whom I created a number of albums, as well as performed in numerous prestigious Hungarian and foreign festivals.<br \/>\nBesides such music performances, I also worked with theater companies. I played the sax in the play Nexxt of Kr\u00e9tak\u00f6r (which was presented at the Avignon Theater Festival in France), as well as in the film Nexxt made on the grounds of the play.<br \/>\nAs far as my teaching career is concerned, earlier I taught at the Jazz Department of PTMA Foundation Erkel Ferenc Music School, the so-called Post\u00e1s, which was closed and since then I have been teaching at <a href=\"http:\/\/www.tothaladar.hu\/en\/index.html\" target=\"_blank\"><span style=\"color: #ffff00;\">T\u00f3th Alad\u00e1r Music school.<\/span><\/a><\/p>\n<h3>Current bands:<\/h3>\n<h6><span style=\"color: #333333;\">.<\/span><\/h6>\n<p><a href=\"http:\/\/www.ghymes.hu\/hu\" target=\"_blank\"><span style=\"color: #ffff00;\">Ghymes<\/span><\/a><\/p>\n<p><a href=\"http:\/\/www.chalaban.com\" target=\"_blank\"><span style=\"color: #ffff00;\">Chalaban<\/span><\/a> (<a href=\"http:\/\/www.myspace.com\/chalaban\" target=\"_blank\"><span style=\"color: #ffff00;\">Chalaban on MySpace<\/span><\/a>) (<a href=\"http:\/\/www.facebook.com\/pages\/Chalaban\/161011023317\" target=\"_blank\"><span style=\"color: #ffff00;\">Chalaban on Facebook<\/span><\/a>)<\/p>\n<p><a href=\"http:\/\/www.spencerhillmagicband.hu\" target=\"_blank\"><span style=\"color: #ffff00;\">Spencer Hill Magic Band <\/span><\/a> (<a href=\"http:\/\/www.myspace.com\/spencerhillmagicband\" target=\"_blank\"><span style=\"color: #ffff00;\">SHMB on MySpace<\/span><\/a>) (<a href=\"http:\/\/www.facebook.com\/pages\/Spencer-Hill-Magic-Band\/196649101082\" target=\"_blank\"><span style=\"color: #ffff00;\">SHMB on Facebook<\/span><\/a>)<\/p>\n<p><a href=\"http:\/\/youtu.be\/cr9M0FjeYV0\" target=\"_blank\"><span style=\"color: #ffff00;\">Jelasity P\u00e9ter &#8211; Barta Zsolt Du\u00f3<\/span><\/a><\/p>\n<h3>Theatre:<\/h3>\n<h6><span style=\"color: #333333;\">.<\/span><\/h6>\n<p>Anna Gavalda: &#8222;Szerettem \u0150t&#8221; c. darabj\u00e1ban mint \u00a0<a href=\"http:\/\/szalon.rozsavolgyi.hu\/hu\/programok\/szinhaz\/161-oszi-1.html\" target=\"_blank\"><span style=\"color: #ffff00;\">zenei szerkeszt\u0151<\/span><\/a> vettem r\u00e9szt.<\/p>\n<p><iframe loading=\"lazy\" src=\"http:\/\/www.youtube.com\/embed\/s3d_A63UoQw?rel=0\" frameborder=\"0\" width=\"560\" height=\"315\"><\/iframe><\/p>\n<h6><span style=\"color: #333333;\">.<\/span><\/h6>\n<p>Tom Kempinski: &#8222;T\u00e1vols\u00e1gi szerelem&#8221; c. darabj\u00e1ban sz\u00ednt\u00e9n, mint \u00a0<a href=\"http:\/\/szalon.rozsavolgyi.hu\/hu\/programok\/szinhaz\/508-tavolsagi-szerelem-uj.html\" target=\"_blank\"><span style=\"color: #ffff00;\">zenei szerkeszt\u0151<\/span><\/a> vettem r\u00e9szt.<\/p>\n<p><iframe loading=\"lazy\" src=\"http:\/\/www.youtube.com\/embed\/jjbM91mWUmU?rel=0\" frameborder=\"0\" width=\"560\" height=\"315\"><\/iframe><\/p>\n<p><a href=\"http:\/\/www.jegy.hu\/program\/egy-szineszno-lanya-bemutato-23640\/\" target=\"_blank\"><span style=\"color: #ffff00;\">Egy sz\u00edn\u00e9szn\u0151 l\u00e1nya<\/span><\/a><\/p>\n<p><iframe loading=\"lazy\" src=\"http:\/\/www.youtube.com\/embed\/2mopTa8XGnU?rel=0\" frameborder=\"0\" width=\"480\" height=\"360\"><\/iframe><\/p>\n<p>R\u00e9szt vettem a Th\u00e1lia Sz\u00ednh\u00e1z <span style=\"color: #ffff00;\"><a href=\"http:\/\/szinhaz.hu\/budapest\/41237-olelj-at-nyaron-is-var-a-thalia-szinhaz\" target=\"_blank\"><span style=\"color: #ffff00;\">\u00d6lelj \u00e1t! <\/span><\/a><\/span>c. el\u0151ad\u00e1s\u00e1ban is.<\/p>\n<h3>Discography:<\/h3>\n<h6><span style=\"color: #333333;\">.<\/span><\/h6>\n<p><img decoding=\"async\" loading=\"lazy\" class=\"alignleft\" src=\"http:\/\/jela.hu\/photo-NEMWP\/alakul.jpg\" alt=\"\" width=\"218\" height=\"300\" \/>Ghymes: <a href=\"http:\/\/www.ghymes.hu\/hu\/lemezek_2003ghymeskoncert.php\" target=\"_blank\"><span style=\"color: #ffff00;\">Koncert<\/span><\/a> \/CD-DVD EMI 2003\/<\/p>\n<p>Ghymes: <a href=\"http:\/\/www.ghymes.hu\/hu\/lemezek_2006messzerepulo.php\" target=\"_blank\"><span style=\"color: #ffff00;\">Messzerep\u00fcl\u0151<\/span><\/a> \/CD EMI 2006\/ platinalemez<\/p>\n<p>Ghymes: <a href=\"http:\/\/www.ghymes.hu\/hu\/lemezek_2007mendika.php\" target=\"_blank\"><span style=\"color: #ffff00;\">Mendika<\/span><\/a> \/CD EMI 2007\/ platinalemez<\/p>\n<p>Ghymes: <a href=\"http:\/\/www.ghymes.hu\/hu\/lemezek_2008alombalom.php\" target=\"_blank\"><span style=\"color: #ffff00;\">\u00c1lomb\u00e1lom<\/span> <\/a>\/CD EMI 2008\/ platinalemez<\/p>\n<p>Ghymes: <a href=\"http:\/\/www.ghymes.hu\/hu\/lemezek_2009a25ev.php\" target=\"_blank\"><span style=\"color: #ffff00;\">A 25 \u00c9v &#8211; Ar\u00e9na<\/span><\/a> \/DVD EMI 2009\/<\/p>\n<p>Ghymes: <a href=\"http:\/\/www.ghymes.hu\/hu\/lemezek_2010kutyaver.php\" target=\"_blank\"><span style=\"color: #ffff00;\">Benn\u00fcnk van a kutyav\u00e9r 2010<\/span><\/a> \/CD Universal 2010\/<\/p>\n<p>Ghymes: <a href=\"http:\/\/www.ghymes.hu\/hu\/lemezek_2010szikraszemu.php\" target=\"_blank\"><span style=\"color: #ffff00;\">Szikraszem\u0171<\/span><\/a> \/CD Universal 2010\/ platinalemez<\/p>\n<p>Ghymes: <a href=\"http:\/\/www.ghymes.hu\/hu\/lemezek_2012fenyev30.php\" target=\"_blank\"><span style=\"color: #ffff00;\">30 F\u00e9ny\u00e9v<\/span><\/a> \/CD Magneoton 2012\/ aranylemez<\/p>\n<p>Ghymes: <a href=\"http:\/\/www.ghymes.hu\/hu\/lemezek_2013Ghymes_live.php\" target=\"_blank\"><span style=\"color: #ffff00;\">Ghymes live<\/span><\/a> \/Pavian Records 2013\/<\/p>\n<p>Ghymes: <a href=\"http:\/\/www.ghymes.hu\/hu\/lemezek_2013bestof_Ghymes.php\" target=\"_blank\"><span style=\"color: #ffff00;\">Best of Ghymes<\/span><\/a> \/Pavian Records 2013\/<\/p>\n<p>Tropical Transform: <span style=\"color: #ffff00;\"><span style=\"color: #ffff00;\"><a href=\"http:\/\/thetransformquintet.com\/\/kategoria\/lemezek\/\" target=\"_blank\"><span style=\"color: #ffff00;\">The Geometry of Desire<\/span> <\/a><\/span><\/span>\/CD Inforg Studio 2004\/<\/p>\n<p><a href=\"http:\/\/www.nagyszabolcs.com\" target=\"_blank\"><span style=\"color: #ffff00;\">Nagy Szabolcs<\/span><\/a>: R\u00e9gi J\u00f3 Id\u0151b\u0151l \/CD Szenc Bt. 2006\/<\/p>\n<p>Future Caf\u00e9: <a href=\"http:\/\/www.future-cafe.hu\/\" target=\"_blank\"><span style=\"color: #ffff00;\">Open Space<\/span><\/a> \/CD 2004\/<\/p>\n<p>Animal Cannibals: Nincs Hat\u00e1r \/CD Magneoton 2005\/<\/p>\n<p>Chalaban: <a href=\"http:\/\/mediaevent.hu\/management\/zenekar\/albumok.php?id=39\" target=\"_blank\"><span style=\"color: #ffff00;\">Transzolok<\/span><\/a> \/CD 2007, NarRator 2009\/<\/p>\n<p>Chalaban: <a href=\"http:\/\/mediaevent.hu\/management\/zenekar\/albumok.php?id=38\" target=\"_blank\"><span style=\"color: #ffff00;\">Hashish Freee<\/span><\/a> \/CD NarRator 2009\/<\/p>\n<p>Nexxt \/DVD 2000\/<\/p>\n<h3>Videos:<\/h3>\n<h6><span style=\"color: #333333;\">.<\/span><\/h6>\n<p><iframe loading=\"lazy\" src=\"\/\/www.youtube.com\/embed\/cr9M0FjeYV0?rel=0\" frameborder=\"0\" width=\"560\" height=\"315\"><\/iframe><\/p>\n<p><object width=\"560\" height=\"340\" classid=\"clsid:d27cdb6e-ae6d-11cf-96b8-444553540000\" codebase=\"http:\/\/download.macromedia.com\/pub\/shockwave\/cabs\/flash\/swflash.cab#version=6,0,40,0\"><param name=\"allowFullScreen\" value=\"true\" \/><param name=\"allowscriptaccess\" value=\"always\" \/><param name=\"src\" value=\"http:\/\/www.youtube.com\/v\/5yiiwDd7Txw?fs=1&amp;hl=hu_HU\" \/><param name=\"allowfullscreen\" value=\"true\" \/><embed width=\"560\" height=\"340\" type=\"application\/x-shockwave-flash\" src=\"http:\/\/www.youtube.com\/v\/5yiiwDd7Txw?fs=1&amp;hl=hu_HU\" allowFullScreen=\"true\" allowscriptaccess=\"always\" allowfullscreen=\"true\" \/><\/object><\/p>\n<p><object width=\"480\" height=\"385\" classid=\"clsid:d27cdb6e-ae6d-11cf-96b8-444553540000\" codebase=\"http:\/\/download.macromedia.com\/pub\/shockwave\/cabs\/flash\/swflash.cab#version=6,0,40,0\"><param name=\"allowFullScreen\" value=\"true\" \/><param name=\"allowscriptaccess\" value=\"always\" \/><param name=\"src\" value=\"http:\/\/www.youtube.com\/v\/VeEojpb8Zcw?fs=1&amp;hl=hu_HU\" \/><param name=\"allowfullscreen\" value=\"true\" \/><embed width=\"480\" height=\"385\" type=\"application\/x-shockwave-flash\" src=\"http:\/\/www.youtube.com\/v\/VeEojpb8Zcw?fs=1&amp;hl=hu_HU\" allowFullScreen=\"true\" allowscriptaccess=\"always\" allowfullscreen=\"true\" \/><\/object><\/p>\n<p><iframe loading=\"lazy\" src=\"http:\/\/www.youtube.com\/embed\/wzxc_V6mz8o?rel=0\" frameborder=\"0\" width=\"480\" height=\"360\"><\/iframe><\/p>\n<p><object width=\"480\" height=\"385\" classid=\"clsid:d27cdb6e-ae6d-11cf-96b8-444553540000\" codebase=\"http:\/\/download.macromedia.com\/pub\/shockwave\/cabs\/flash\/swflash.cab#version=6,0,40,0\"><param name=\"allowFullScreen\" value=\"true\" \/><param name=\"allowscriptaccess\" value=\"always\" \/><param name=\"src\" value=\"http:\/\/www.youtube.com\/v\/sxi4vZtyE0s?fs=1&amp;hl=hu_HU\" \/><param name=\"allowfullscreen\" value=\"true\" \/><embed width=\"480\" height=\"385\" type=\"application\/x-shockwave-flash\" src=\"http:\/\/www.youtube.com\/v\/sxi4vZtyE0s?fs=1&amp;hl=hu_HU\" allowFullScreen=\"true\" allowscriptaccess=\"always\" allowfullscreen=\"true\" \/><\/object><\/p>\n<p><object width=\"560\" height=\"340\" classid=\"clsid:d27cdb6e-ae6d-11cf-96b8-444553540000\" codebase=\"http:\/\/download.macromedia.com\/pub\/shockwave\/cabs\/flash\/swflash.cab#version=6,0,40,0\"><param name=\"allowFullScreen\" value=\"true\" \/><param name=\"allowscriptaccess\" value=\"always\" \/><param name=\"src\" value=\"http:\/\/www.youtube.com\/v\/uYYyrx0v9Ng?fs=1&amp;hl=hu_HU\" \/><param name=\"allowfullscreen\" value=\"true\" \/><embed width=\"560\" height=\"340\" type=\"application\/x-shockwave-flash\" src=\"http:\/\/www.youtube.com\/v\/uYYyrx0v9Ng?fs=1&amp;hl=hu_HU\" allowFullScreen=\"true\" allowscriptaccess=\"always\" allowfullscreen=\"true\" \/><\/object><\/p>\n<h6><span style=\"color: #333333;\">.<\/span><\/h6>\n","protected":false},"excerpt":{"rendered":"<p>I got into the Jazz Department of Liszt Ferenc Music Academy in 1996 and graduated in 2000. During these years I was a member of several music groups, for instance, the Laoko\u00f3n Csoport, P\u00e1rniczky Andr\u00e1s Quartet, Kolinda, Future Cafe, and Transform Quintet, with whom I created a number of albums, as well as performed in &hellip; <\/p>\n<p class=\"link-more\"><a href=\"http:\/\/jela.hu\/?page_id=115\" class=\"more-link\"><span class=\"screen-reader-text\">&#8222;my music&#8221;<\/span> b\u0151vebben<\/a><\/p>\n","protected":false},"author":1,"featured_media":0,"parent":92,"menu_order":2,"comment_status":"open","ping_status":"open","template":"","meta":{"footnotes":""},"_links":{"self":[{"href":"http:\/\/jela.hu\/index.php?rest_route=\/wp\/v2\/pages\/115"}],"collection":[{"href":"http:\/\/jela.hu\/index.php?rest_route=\/wp\/v2\/pages"}],"about":[{"href":"http:\/\/jela.hu\/index.php?rest_route=\/wp\/v2\/types\/page"}],"author":[{"embeddable":true,"href":"http:\/\/jela.hu\/index.php?rest_route=\/wp\/v2\/users\/1"}],"replies":[{"embeddable":true,"href":"http:\/\/jela.hu\/index.php?rest_route=%2Fwp%2Fv2%2Fcomments&post=115"}],"version-history":[{"count":70,"href":"http:\/\/jela.hu\/index.php?rest_route=\/wp\/v2\/pages\/115\/revisions"}],"predecessor-version":[{"id":1703,"href":"http:\/\/jela.hu\/index.php?rest_route=\/wp\/v2\/pages\/115\/revisions\/1703"}],"up":[{"embeddable":true,"href":"http:\/\/jela.hu\/index.php?rest_route=\/wp\/v2\/pages\/92"}],"wp:attachment":[{"href":"http:\/\/jela.hu\/index.php?rest_route=%2Fwp%2Fv2%2Fmedia&parent=115"}],"curies":[{"name":"wp","href":"https:\/\/api.w.org\/{rel}","templated":true}]}}